 j(u) = 2 + 3*u**2 + 3*u**3 - 2*u**3 + u**2 - 9*u**2 - 4*u. Let h be j(9). Suppose -2*z + 7*z = h. What is the units digit of z?
8
Let s be 39*(-1)/(-6)*2. Suppose s*r = 2*r. Let z(g) = -2*g + 20. What is the tens digit of z(r)?
2
Let u(f) = 19*f**2 - 45*f + 166. What is the tens digit of u(-34)?
6
Let c(t) = -t**2 - 4*t + 4. Let i be c(-5). Let b(l) = 30*l**2 - 1 - 7 - 3 - 3*l - 8*l**2 + 8. What is the units digit of b(i)?
2
Suppose 12*x = 10*x - 3*f + 278, x - 141 = -f. What is the units digit of (4 - 6/(-10))*x?
7
Suppose -9*z + 4*z - 2*x + 55756 = 0, -4*z - 4*x = -44600. What is the units digit of z?
2
What is the ten thousands digit of 3/2*(-160232)/(-6)*5/10?
2
Let k(i) = -12*i + 4*i + 2*i - 5 + i**2 + 2*i. Let v be k(5). Suppose 0 = 4*w + 5*b - 286, v*b - 298 = -4*w + b. What is the units digit of w?
4
Suppose -296 = -2*a + 46. Suppose 0 = -5*k + 2534 + a. What is the tens digit of k?
4
Let a(g) = g**2 - 12*g + 30. Let c be (-3)/2*(-6 - 0). Let k be a(c). Suppose 2*p + k*l - 281 = 0, -3*p - 3*l + 2*l = -425. What is the units digit of p?
2
Let s = -2 + 17. Suppose 0 = -4*v - q - 12 + 4, 4*q + s = v. What is the tens digit of v/((-2 - 1)/(-3)) - -13?
1
Let y(c) = 896*c**2 - 1. Let l(f) = f**2 - 26*f - 88. Let d be l(29). What is the units digit of y(d)?
5
Let o be (-1)/(1/(-4) - 35/(-148)). Let g = o + 12. What is the tens digit of g?
8
Let t be (-6)/(-15) + (-76)/(-10). Suppose 291 = -6*o + t*o + 3*b, -o + 2*b + 135 = 0. What is the tens digit of o?
4
Let q(z) = 4*z**3 - 3*z - 2. Let l(n) = n**2. Let h be (-21)/(-6)*6/21. Let d(t) = h*q(t) + 2*l(t). What is the units digit of d(2)?
2
Let l(u) be the second derivative of -u**5/20 + u**4/12 - 2*u. Let g(y) = -3*y**3 + 8*y**2 - 3*y + 4. Let p(k) = -g(k) + 2*l(k). What is the tens digit of p(7)?
6
Let k be 589/(-4) + 1/4. Let g be 0 + -17 + 1134/81. What is the tens digit of (k/(-14))/(g/(-4))?
1
Let r(k) = -k**3 - 5*k**2 + 6*k - 4. Let a be r(-6). Let w be -4 + 3 - (-15 + 5). What is the units digit of a - (-3)/(w/57)?
5
Suppose 3*r + 4042 = q, -2*r - 19105 = -3*q - 7021. What is the tens digit of q?
2
Let i = 18 - -107. Suppose 0 = -5*h + 5*x - 2*x - i, 0 = 3*h - 5*x + 91. What is the tens digit of (52/(-6))/(h/363)?
4
Suppose -5*p - 4*u + 93149 = 0, -46*p - 74524 = -50*p - 2*u. What is the units digit of p?
3
Let k be (-1 + 4*4/16)/(-1). Suppose k = -18*o + 15*o. What is the tens digit of 84*(3 - o - 2)?
8
Suppose -2*v + 2*o + 1914 = 0, 0 = 3*v + 97*o - 96*o - 2859. What is the tens digit of v?
5
Suppose 0*m = -5*f - 5*m + 165, 75 = 3*f - 3*m. Suppose 0 = -f*r + 30*r - 339. What is the tens digit of r?
3
Let c = 3 + 2. Suppose 3*m + 26 = 3*b + b, 0 = -5*b - c*m + 15. Suppose 0 = 4*n - b*n + 107. What is the units digit of n?
7
Let m = -19753 + 56319. What is the tens digit of m?
6
Suppose -2*s - i + 20 = 2*i, 0 = -3*i + 12. Suppose r + 4*d + d = 694, 0 = s*r - 4*d - 2728. What is the units digit of r?
4
Suppose -114*q - 48159 = -3*x - 110*q, -2*x + 32113 = -5*q. What is the thousands digit of x?
6
Let k(x) = -9*x**3 + 3*x**2 + 6*x + 6. Let w be k(-4). Let z = -1088 - -1094. Suppose z*y - w = -0*y. What is the hundreds digit of y?
1
Let r = 33576 + -20770. What is the thousands digit of r?
2
Let t(p) = p**3 - 2*p**2 + 7*p + 2. Let o be (-1)/((7/(-20))/7). Suppose 2*j + j = -2*r - 5, 0 = -3*r + j + o. What is the hundreds digit of t(r)?
1
What is the ten thousands digit of 6548/7*385/10?
3
Suppose 149*s = 161*s - 207000. What is the ten thousands digit of s?
1
Let b(g) = 17*g + 8. Let y(s) = 16*s + 7. Let r(n) = -n - 19. Let k be r(-22). Let z(h) = k*y(h) - 4*b(h). What is the tens digit of z(-2)?
2
Let b = -1052 + 1518. Suppose l - 451 = -4*w, -10*l + 9*l + b = -w. What is the tens digit of l?
6
Let d be 1*(-8)/8*-1531. Let n = 2457 - d. What is the hundreds digit of n?
9
Suppose 49*u - 53*u - 4756 = -4*r, 0 = -3*r - u + 3587. Let m = r + -843. What is the hundreds digit of m?
3
Let h(m) = -2*m**2 - 18*m + 16. Let v be h(12). Let o = v + 1532. What is the hundreds digit of o?
0
Suppose -3*d - 4*s + 35 = 0, -4*d + s - 2 = -17. Suppose 0 = -4*r - j + 232, -r + 71 = -d*j + 2*j. What is the tens digit of r?
5
What is the units digit of (44/8 - 6)*-3886 + -4?
9
Let u(q) = q**3 - 11*q**2 - 17*q - 32. Let y be u(13). Let z = 92 + y. Suppose 7*l - 537 = z. What is the units digit of l?
2
What is the tens digit of 13302 + -10 + -10*36/(-30)?
0
Let x(j) = -j**3 - 53*j**2 + 215*j - 8. What is the tens digit of x(-58)?
4
Let j be (5/(-10) - -1)*(-154 - 2). Let g = j + 1300. What is the tens digit of g?
2
Let h = -22 + 32. Suppose -r - h = -15. Suppose -6*u - 3*t + 138 = -4*u, u - 69 = -r*t. What is the units digit of u?
9
Suppose -2*i - 940*f = -945*f - 125778, 4*f + 16 = 0. What is the ten thousands digit of i?
6
Suppose -12 = -2*l - l. Let k(u) = 9 - 2 + 1 - 2 - 2 + 22*u. What is the tens digit of k(l)?
9
Let s(k) = -k**2 - 5*k - 5. Let r be s(-3). Let j be (r/(-3))/(4/(-2124)*3). Let x = 5 + j. What is the tens digit of x?
6
Suppose -2*c = 233*s - 237*s - 139660, 0 = -8*c + s + 558505. What is the hundreds digit of c?
8
Let g be 1*12*10/360*12. Suppose t = 5*d - 5940, g*t = -3*d + d + 2354. What is the tens digit of d?
8
Suppose 4*l + w = 1568, 3*l + 0*l + 2*w = 1176. Suppose -5*m - 333 = 3*n - 1441, n - 4*m - l = 0. Suppose 4*o + n = 8*o. What is the tens digit of o?
9
Let y(o) = -7*o - 6*o**2 - o - 5 - o**3 - 10 + 3. Let t be y(-5). Suppose t*g + 566 = 5*b + 75, -5*b - 5*g + 475 = 0. What is the units digit of b?
7
Let h(i) be the first derivative of -25*i + 13/2*i**2 + 13. What is the units digit of h(7)?
6
Let y(u) = 18*u**3 - 33*u**3 + 7 + 18*u**3 + 12*u**2 + u. Let n be y(-5). Let s = n - -98. What is the units digit of s?
5
Suppose 8*f = y + 11*f - 32861, -4*f - 32917 = -y. What is the thousands digit of y?
2
Suppose -t + 26325 = 3*s, 7*s = 5*s + t + 17545. What is the thousands digit of s?
8
Suppose 0 = -3*y - 3*a - 0*a + 330, -2*y = -5*a - 199. Let f = -87 + y. What is the tens digit of (-1818)/3*(-2 + f/12)?
0
Let u = 10930 - -1631. What is the tens digit of u?
6
Let c(g) = 12*g - 2 - 4*g + 0*g. Let d be c(-3). Let p = d + 53. What is the tens digit of p?
2
Let k(t) = 244*t**2 - 285*t - 3273. What is the ten thousands digit of k(-11)?
2
Suppose 41253 = 3*j - 57768. What is the hundreds digit of j?
0
Let v = -5 + 1. Let j(l) = -13*l + 61. Let u be j(13). Let b = v - u. What is the hundreds digit of b?
1
Let m be (-502)/5 + 8/20. Let k = 265 + m. Let s = -115 + k. What is the units digit of s?
0
Suppose -14*r + 17182 = -25378. What is the hundreds digit of r?
0
Let c(i) = 13*i + 255. Let a be c(46). Let x = -551 + a. What is the tens digit of x?
0
Let k = -6207 + 4412. Let w = k + 2847. What is the tens digit of w?
5
Suppose 4*c - 12 - 8 = 0, 5*a + 10 = 2*c. Suppose -16*f + 6*f + 3810 = a. What is the tens digit of f?
8
Let f(i) = 13*i**3 + 6*i**2 - 87*i - 30. What is the hundreds digit of f(7)?
1
Suppose -5*r = -2*x + 55, -x + 30 = -8*r + 5*r. What is the units digit of (6/(-2))/(x/(-125))?
5
Suppose 2*p - 47 = 25. Let j be (-300)/2*(-50)/125. Let a = j - p. What is the tens digit of a?
2
Suppose -d - 2 = 6*m - 7*m, -4*d - 20 = 0. What is the tens digit of -2*(m + 9037/(-14))?
9
Let t = 6813 - 5640. What is the thousands digit of t?
1
Suppose h - 5*s = 271, 4*h - 2*s - 337 = 657. What is the tens digit of (h/7)/((-8)/(-56))?
4
Let t = -544 + 1037. Let j = t + -177. What is the units digit of j?
6
Suppose -4*b = 14*v - 18*v - 18840, 3*v = 5*b - 23542. What is the tens digit of b?
0
Let o be (-3)/6*-23 + (-1)/(-2). What is the hundreds digit of 30/(-25)*(-8440)/o?
8
Let r(x) = -x**2 + 5*x + 28. Let h be r(8). Suppose 3*o = -h*p + 1034, -3*p - 494 = -4*o + 918. What is the hundreds digit of o?
3
Suppose 195 = 3*a - 8*a. Let d be 1/4 - (a/(-12) - 3). Suppose -2*s + 50 = -d*s. What is the units digit of s?
5
Let g = 13379 - 1633. What is the hundreds digit of g?
7
Suppose 1082*q + 34707 = 1083*q + 3*a, 4*a = -5*q + 173557. What is the units digit of q?
3
Let a(m) = -8*m - 23. Let f be a(-17). Suppose -7*y + 4045 + f = 0. What is the hundreds digit of y?
5
What is the ten thousands digit of (32/(-40))/(32/(-20)) + 129085/10?
1
Suppose 5*u + 7*c = 3*c + 22, 0 = -3*u - 4*c + 18. Suppose -u*i